{"id":34,"date":"2024-02-12T22:35:13","date_gmt":"2024-02-12T22:35:13","guid":{"rendered":"https:\/\/ftamuhendislik.com\/?page_id=34"},"modified":"2024-02-27T04:15:01","modified_gmt":"2024-02-27T04:15:01","slug":"isletme-ve-bakim","status":"publish","type":"page","link":"https:\/\/ftamuhendislik.com\/index.php\/isletme-ve-bakim\/","title":{"rendered":"\u0130\u015eLETME VE BAKIM"},"content":{"rendered":"\t\t<div data-elementor-type=\"wp-page\" data-elementor-id=\"34\" class=\"elementor elementor-34\">\n\t\t\t\t\t\t<section class=\"has_eae_slider elementor-section elementor-top-section elementor-element elementor-element-22de30bd elementor-section-full_width elementor-section-height-min-height elementor-section-height-default elementor-section-items-middle\" data-id=\"22de30bd\" data-element_type=\"section\" data-settings=\"{&quot;background_background&quot;:&quot;classic&quot;}\">\n\t\t\t\t\t\t<div class=\"elementor-container elementor-column-gap-default\">\n\t\t\t\t\t<div class=\"has_eae_slider elementor-column elementor-col-50 elementor-top-column elementor-element elementor-element-5c26f5fa\" data-id=\"5c26f5fa\" data-element_type=\"column\">\n\t\t\t<div class=\"elementor-widget-wrap elementor-element-populated\">\n\t\t\t\t\t\t<div class=\"elementor-element elementor-element-78b563d3 elementor-widget elementor-widget-heading\" data-id=\"78b563d3\" data-element_type=\"widget\" data-widget_type=\"heading.default\">\n\t\t\t\t<div class=\"elementor-widget-container\">\n\t\t\t<style>\/*! elementor - v3.19.0 - 28-02-2024 *\/\n.elementor-heading-title{padding:0;margin:0;line-height:1}.elementor-widget-heading .elementor-heading-title[class*=elementor-size-]>a{color:inherit;font-size:inherit;line-height:inherit}.elementor-widget-heading .elementor-heading-title.elementor-size-small{font-size:15px}.elementor-widget-heading .elementor-heading-title.elementor-size-medium{font-size:19px}.elementor-widget-heading .elementor-heading-title.elementor-size-large{font-size:29px}.elementor-widget-heading .elementor-heading-title.elementor-size-xl{font-size:39px}.elementor-widget-heading .elementor-heading-title.elementor-size-xxl{font-size:59px}<\/style><h2 class=\"elementor-heading-title elementor-size-default\"><i>\u0130\u015eLETME VE BAKIM<i><\/i><\/i><\/h2>\t\t<\/div>\n\t\t\t\t<\/div>\n\t\t\t\t\t<\/div>\n\t\t<\/div>\n\t\t\t\t<div class=\"has_eae_slider elementor-column elementor-col-50 elementor-top-column elementor-element elementor-element-1cc91167\" data-id=\"1cc91167\" data-element_type=\"column\">\n\t\t\t<div class=\"elementor-widget-wrap elementor-element-populated\">\n\t\t\t\t\t\t<div class=\"elementor-element elementor-element-41c5908c elementor-widget elementor-widget-text-editor\" data-id=\"41c5908c\" data-element_type=\"widget\" data-widget_type=\"text-editor.default\">\n\t\t\t\t<div class=\"elementor-widget-container\">\n\t\t\t<style>\/*! elementor - v3.19.0 - 28-02-2024 *\/\n.elementor-widget-text-editor.elementor-drop-cap-view-stacked .elementor-drop-cap{background-color:#69727d;color:#fff}.elementor-widget-text-editor.elementor-drop-cap-view-framed .elementor-drop-cap{color:#69727d;border:3px solid;background-color:transparent}.elementor-widget-text-editor:not(.elementor-drop-cap-view-default) .elementor-drop-cap{margin-top:8px}.elementor-widget-text-editor:not(.elementor-drop-cap-view-default) .elementor-drop-cap-letter{width:1em;height:1em}.elementor-widget-text-editor .elementor-drop-cap{float:left;text-align:center;line-height:1;font-size:50px}.elementor-widget-text-editor .elementor-drop-cap-letter{display:inline-block}<\/style>\t\t\t\t<p>\u0130\u015fletme ve bak\u0131m hizmetlerimiz, enerji sistemlerinin s\u00fcrekli g\u00fcvenli\u011fi ve etkinli\u011fi i\u00e7in d\u00fczenli bak\u0131m, izleme ve acil m\u00fcdahale hizmetlerini kapsar.<\/p>\t\t\t\t\t\t<\/div>\n\t\t\t\t<\/div>\n\t\t\t\t\t<\/div>\n\t\t<\/div>\n\t\t\t\t\t<\/div>\n\t\t<\/section>\n\t\t\t\t<section class=\"has_eae_slider elementor-section elementor-top-section elementor-element elementor-element-07e2d47 elementor-section-boxed elementor-section-height-default elementor-section-height-default\" data-id=\"07e2d47\" data-element_type=\"section\">\n\t\t\t\t\t\t<div class=\"elementor-container elementor-column-gap-default\">\n\t\t\t\t\t<div class=\"has_eae_slider elementor-column elementor-col-100 elementor-top-column elementor-element elementor-element-c79ee27\" data-id=\"c79ee27\" data-element_type=\"column\">\n\t\t\t<div class=\"elementor-widget-wrap elementor-element-populated\">\n\t\t\t\t\t\t<div class=\"elementor-element elementor-element-cef84fb elementor-widget elementor-widget-text-editor\" data-id=\"cef84fb\" data-element_type=\"widget\" data-widget_type=\"text-editor.default\">\n\t\t\t\t<div class=\"elementor-widget-container\">\n\t\t\t\t\t\t\t<blockquote><p><span style=\"color: #000000;\">Elektrik Elektronik M\u00fchendisli\u011fi kapsam\u0131nda sundu\u011fumuz \u00e7e\u015fitli hizmetler, enerji sistemlerinin g\u00fcvenli\u011fi, verimlili\u011fi ve s\u00fcrd\u00fcr\u00fclebilirli\u011fi \u00fczerine odaklan\u0131r. \u00d6zellikle trafo bak\u0131m\u0131, i\u00e7 tesisat d\u00fczenlemeleri, d\u0131\u015f ayd\u0131nlatma projeleri ve monoblok k\u00f6\u015fk bak\u0131m\u0131 gibi alanlarda m\u00fchendislik uzmanl\u0131\u011f\u0131m\u0131zla m\u00fc\u015fterilerimize \u00e7e\u015fitli \u00e7\u00f6z\u00fcmler sunuyoruz.\u00a0<\/span><\/p><\/blockquote>\t\t\t\t\t\t<\/div>\n\t\t\t\t<\/div>\n\t\t\t\t\t<\/div>\n\t\t<\/div>\n\t\t\t\t\t<\/div>\n\t\t<\/section>\n\t\t\t\t<section class=\"has_eae_slider elementor-section elementor-top-section elementor-element elementor-element-ffd5c43 elementor-section-boxed elementor-section-height-default elementor-section-height-default\" data-id=\"ffd5c43\" data-element_type=\"section\">\n\t\t\t\t\t\t<div class=\"elementor-container elementor-column-gap-default\">\n\t\t\t\t\t<div class=\"has_eae_slider elementor-column elementor-col-50 elementor-top-column elementor-element elementor-element-3b68e52\" data-id=\"3b68e52\" data-element_type=\"column\">\n\t\t\t<div class=\"elementor-widget-wrap elementor-element-populated\">\n\t\t\t\t\t\t<div class=\"elementor-element elementor-element-b6f8185 elementor-widget elementor-widget-image\" data-id=\"b6f8185\" data-element_type=\"widget\" data-widget_type=\"image.default\">\n\t\t\t\t<div class=\"elementor-widget-container\">\n\t\t\t<style>\/*! elementor - v3.19.0 - 28-02-2024 *\/\n.elementor-widget-image{text-align:center}.elementor-widget-image a{display:inline-block}.elementor-widget-image a img[src$=\".svg\"]{width:48px}.elementor-widget-image img{vertical-align:middle;display:inline-block}<\/style>\t\t\t\t\t\t\t\t\t\t<img fetchpriority=\"high\" decoding=\"async\" width=\"768\" height=\"525\" src=\"https:\/\/ftamuhendislik.com\/wp-content\/uploads\/2024\/02\/trafo-768x525.jpg\" class=\"attachment-medium_large size-medium_large wp-image-776\" alt=\"\" srcset=\"https:\/\/ftamuhendislik.com\/wp-content\/uploads\/2024\/02\/trafo-768x525.jpg 768w, https:\/\/ftamuhendislik.com\/wp-content\/uploads\/2024\/02\/trafo-300x205.jpg 300w, https:\/\/ftamuhendislik.com\/wp-content\/uploads\/2024\/02\/trafo.jpg 1000w\" sizes=\"(max-width: 768px) 100vw, 768px\" \/>\t\t\t\t\t\t\t\t\t\t\t\t\t<\/div>\n\t\t\t\t<\/div>\n\t\t\t\t<div class=\"elementor-element elementor-element-06f337e elementor-widget elementor-widget-heading\" data-id=\"06f337e\" data-element_type=\"widget\" data-widget_type=\"heading.default\">\n\t\t\t\t<div class=\"elementor-widget-container\">\n\t\t\t<h2 class=\"elementor-heading-title elementor-size-default\">Trafo \u0130\u015fletme ve Bak\u0131m<\/h2>\t\t<\/div>\n\t\t\t\t<\/div>\n\t\t\t\t<div class=\"elementor-element elementor-element-2406c6d elementor-widget elementor-widget-text-editor\" data-id=\"2406c6d\" data-element_type=\"widget\" data-widget_type=\"text-editor.default\">\n\t\t\t\t<div class=\"elementor-widget-container\">\n\t\t\t\t\t\t\t<blockquote><p>Trafo i\u015fletme sorumlulu\u011fu ve bak\u0131m\u0131, transformat\u00f6rlerin g\u00fcvenli ve etkin \u00e7al\u0131\u015fmas\u0131n\u0131 sa\u011flamak ad\u0131na kritik bir s\u00fcre\u00e7tir. Bu s\u00fcre\u00e7ler, d\u00fczenli izleme, performans analizleri ve teknik m\u00fcdahaleleri i\u00e7erir, transformat\u00f6rlerin \u00f6mr\u00fcn\u00fc uzat\u0131r ve enerji verimlili\u011fini optimize eder.<\/p><\/blockquote>\t\t\t\t\t\t<\/div>\n\t\t\t\t<\/div>\n\t\t\t\t\t<\/div>\n\t\t<\/div>\n\t\t\t\t<div class=\"has_eae_slider elementor-column elementor-col-50 elementor-top-column elementor-element elementor-element-32df72d\" data-id=\"32df72d\" data-element_type=\"column\">\n\t\t\t<div class=\"elementor-widget-wrap elementor-element-populated\">\n\t\t\t\t\t\t<div class=\"elementor-element elementor-element-5e47930 elementor-widget elementor-widget-image\" data-id=\"5e47930\" data-element_type=\"widget\" data-widget_type=\"image.default\">\n\t\t\t\t<div class=\"elementor-widget-container\">\n\t\t\t\t\t\t\t\t\t\t\t\t\t<img decoding=\"async\" width=\"768\" height=\"525\" src=\"https:\/\/ftamuhendislik.com\/wp-content\/uploads\/2024\/02\/betonkosk-1-768x525.jpg\" class=\"attachment-medium_large size-medium_large wp-image-801\" alt=\"\" srcset=\"https:\/\/ftamuhendislik.com\/wp-content\/uploads\/2024\/02\/betonkosk-1-768x525.jpg 768w, https:\/\/ftamuhendislik.com\/wp-content\/uploads\/2024\/02\/betonkosk-1-300x205.jpg 300w, https:\/\/ftamuhendislik.com\/wp-content\/uploads\/2024\/02\/betonkosk-1.jpg 1000w\" sizes=\"(max-width: 768px) 100vw, 768px\" \/>\t\t\t\t\t\t\t\t\t\t\t\t\t<\/div>\n\t\t\t\t<\/div>\n\t\t\t\t<div class=\"elementor-element elementor-element-9c24245 elementor-widget elementor-widget-heading\" data-id=\"9c24245\" data-element_type=\"widget\" data-widget_type=\"heading.default\">\n\t\t\t\t<div class=\"elementor-widget-container\">\n\t\t\t<h2 class=\"elementor-heading-title elementor-size-default\">Beton K\u00f6\u015fk \u0130\u015fletme ve Bak\u0131m<\/h2>\t\t<\/div>\n\t\t\t\t<\/div>\n\t\t\t\t<div class=\"elementor-element elementor-element-c662a1b elementor-widget elementor-widget-text-editor\" data-id=\"c662a1b\" data-element_type=\"widget\" data-widget_type=\"text-editor.default\">\n\t\t\t\t<div class=\"elementor-widget-container\">\n\t\t\t\t\t\t\t<blockquote><p>Monoblok k\u00f6\u015fk i\u015fletme sorumlulu\u011fu ve bak\u0131m\u0131, k\u00f6\u015fkteki elektrik sistemlerinin g\u00fcvenli ve etkili \u00e7al\u0131\u015fmas\u0131n\u0131 sa\u011flayan \u00f6nemli bir s\u00fcre\u00e7tir. D\u00fczenli izleme ve teknik m\u00fcdahaleler, sistemlerin \u00f6mr\u00fcn\u00fc uzat\u0131r ve verimlili\u011fini art\u0131r\u0131r.<\/p><\/blockquote>\t\t\t\t\t\t<\/div>\n\t\t\t\t<\/div>\n\t\t\t\t\t<\/div>\n\t\t<\/div>\n\t\t\t\t\t<\/div>\n\t\t<\/section>\n\t\t\t\t<section class=\"has_eae_slider elementor-section elementor-top-section elementor-element elementor-element-8b20a43 elementor-section-height-min-height elementor-section-boxed elementor-section-height-default elementor-section-items-middle\" data-id=\"8b20a43\" data-element_type=\"section\">\n\t\t\t\t\t\t\t<div class=\"elementor-background-overlay\"><\/div>\n\t\t\t\t\t\t\t<div class=\"elementor-container elementor-column-gap-default\">\n\t\t\t\t\t<div class=\"has_eae_slider elementor-column elementor-col-100 elementor-top-column elementor-element elementor-element-131adc8\" data-id=\"131adc8\" data-element_type=\"column\">\n\t\t\t<div class=\"elementor-widget-wrap elementor-element-populated\">\n\t\t\t\t\t\t<div class=\"elementor-element elementor-element-4132186 elementor-widget elementor-widget-heading\" data-id=\"4132186\" data-element_type=\"widget\" data-widget_type=\"heading.default\">\n\t\t\t\t<div class=\"elementor-widget-container\">\n\t\t\t<h2 class=\"elementor-heading-title elementor-size-default\">Y\u00fcksek Gerilim \u0130\u015fletme Sorumlulu\u011fu Nedir?<\/h2>\t\t<\/div>\n\t\t\t\t<\/div>\n\t\t\t\t\t<\/div>\n\t\t<\/div>\n\t\t\t\t\t<\/div>\n\t\t<\/section>\n\t\t\t\t<section class=\"has_eae_slider elementor-section elementor-top-section elementor-element elementor-element-627fcc2 elementor-section-boxed elementor-section-height-default elementor-section-height-default\" data-id=\"627fcc2\" data-element_type=\"section\">\n\t\t\t\t\t\t<div class=\"elementor-container elementor-column-gap-default\">\n\t\t\t\t\t<div class=\"has_eae_slider elementor-column elementor-col-100 elementor-top-column elementor-element elementor-element-7075b78\" data-id=\"7075b78\" data-element_type=\"column\">\n\t\t\t<div class=\"elementor-widget-wrap elementor-element-populated\">\n\t\t\t\t\t\t<div class=\"elementor-element elementor-element-bcf3947 elementor-widget elementor-widget-text-editor\" data-id=\"bcf3947\" data-element_type=\"widget\" data-widget_type=\"text-editor.default\">\n\t\t\t\t<div class=\"elementor-widget-container\">\n\t\t\t\t\t\t\t<blockquote><p>Y\u00fcksek gerilim i\u015fletme sorumlulu\u011fu, elektrik y\u00fcksek gerilim tesislerinde, can ve mal g\u00fcvenli\u011fini sa\u011flama, ekonomik kay\u0131plar\u0131 en aza indirgeme amac\u0131yla gereken i\u015fletme hizmetlerini kapsayan bir sorumluluk alan\u0131n\u0131 ifade eder. Bu kapsamda, y\u00fcksek gerilim tesislerindeki i\u015fletme s\u00fcre\u00e7lerinin etkin bir \u015fekilde y\u00f6netilmesi ve y\u00fcr\u00fct\u00fclmesi, sistemdeki g\u00fcvenilirli\u011fi ve verimlili\u011fi art\u0131rmay\u0131 hedefler.<\/p><\/blockquote>\t\t\t\t\t\t<\/div>\n\t\t\t\t<\/div>\n\t\t\t\t\t<\/div>\n\t\t<\/div>\n\t\t\t\t\t<\/div>\n\t\t<\/section>\n\t\t\t\t<section class=\"has_eae_slider elementor-section elementor-top-section elementor-element elementor-element-7a7d4e3 elementor-section-boxed elementor-section-height-default elementor-section-height-default\" data-id=\"7a7d4e3\" data-element_type=\"section\">\n\t\t\t\t\t\t<div class=\"elementor-container elementor-column-gap-default\">\n\t\t\t\t\t<div class=\"has_eae_slider elementor-column elementor-col-100 elementor-top-column elementor-element elementor-element-b1dfa98\" data-id=\"b1dfa98\" data-element_type=\"column\">\n\t\t\t<div class=\"elementor-widget-wrap elementor-element-populated\">\n\t\t\t\t\t\t<div class=\"elementor-element elementor-element-54a3f73 elementor-widget elementor-widget-heading\" data-id=\"54a3f73\" data-element_type=\"widget\" data-widget_type=\"heading.default\">\n\t\t\t\t<div class=\"elementor-widget-container\">\n\t\t\t<h2 class=\"elementor-heading-title elementor-size-default\">G\u00fcvenli, Verimli ve Profesyonel \u00c7\u00f6z\u00fcmler<\/h2>\t\t<\/div>\n\t\t\t\t<\/div>\n\t\t\t\t\t<\/div>\n\t\t<\/div>\n\t\t\t\t\t<\/div>\n\t\t<\/section>\n\t\t\t\t<section class=\"has_eae_slider elementor-section elementor-top-section elementor-element elementor-element-e0dafd5 elementor-section-boxed elementor-section-height-default elementor-section-height-default\" data-id=\"e0dafd5\" data-element_type=\"section\">\n\t\t\t\t\t\t<div class=\"elementor-container elementor-column-gap-default\">\n\t\t\t\t\t<div class=\"has_eae_slider elementor-column elementor-col-100 elementor-top-column elementor-element elementor-element-2b21ad7\" data-id=\"2b21ad7\" data-element_type=\"column\">\n\t\t\t<div class=\"elementor-widget-wrap elementor-element-populated\">\n\t\t\t\t\t\t<div class=\"elementor-element elementor-element-58a59d2 elementor-widget elementor-widget-text-editor\" data-id=\"58a59d2\" data-element_type=\"widget\" data-widget_type=\"text-editor.default\">\n\t\t\t\t<div class=\"elementor-widget-container\">\n\t\t\t\t\t\t\t<blockquote><p>Elektrik y\u00fcksek gerilim tesislerine sahip olan yerler, y\u00fcksek gerilim i\u015fletme sorumlulu\u011funu \u00fcstlenmek durumundad\u0131r. Y\u00fcksek gerilim, genellikle 1000 Kva ve \u00fczerindeki g\u00fc\u00e7 transformat\u00f6rlerinden ba\u015flar. 1000 Kva ve \u00fczeri transformat\u00f6rlere sahip i\u015fletmeler, y\u00fcksek gerilim i\u015fletme hizmetlerini d\u0131\u015f kaynaklardan temin edebilece\u011fi gibi, ayn\u0131 zamanda i\u00e7eride gerekli \u015fartlar\u0131 sa\u011flayacak bir m\u00fchendisi istihdam ederek bu sorumlulu\u011fu yerine getirebilir.<\/p><p>Bu noktada, y\u00fcksek gerilim i\u015fletme sorumlulu\u011funu en iyi \u015fekilde yerine getirebilmek ad\u0131na uzman m\u00fchendislik kadromuzla sizlere \u00e7e\u015fitli \u00e7\u00f6z\u00fcm \u00f6nerileri sunabiliriz. Elektrik y\u00fcksek gerilim tesislerinin verimli bir \u015fekilde y\u00f6netilmesi, can ve mal g\u00fcvenli\u011finin sa\u011flanmas\u0131, ekonomik kay\u0131plar\u0131n \u00f6nlenmesi gibi \u00f6nemli konularda profesyonel bir yakla\u015f\u0131m sunarak i\u015fletmelerinizi g\u00fcvenle i\u015fletmenize devam etmenize destek olabiliriz. Y\u00fcksek gerilim i\u015fletme sorumlulu\u011funu titizlikle yerine getirerek, enerji sistemlerinizin g\u00fcvenli, s\u00fcrd\u00fcr\u00fclebilir ve y\u00fcksek performansl\u0131 bir \u015fekilde \u00e7al\u0131\u015fmas\u0131na katk\u0131da bulunabiliriz.<\/p><\/blockquote>\t\t\t\t\t\t<\/div>\n\t\t\t\t<\/div>\n\t\t\t\t\t<\/div>\n\t\t<\/div>\n\t\t\t\t\t<\/div>\n\t\t<\/section>\n\t\t\t\t<section class=\"has_eae_slider elementor-section elementor-top-section elementor-element elementor-element-a48d178 elementor-section-full_width elementor-section-height-min-height elementor-section-height-default elementor-section-items-middle\" data-id=\"a48d178\" data-element_type=\"section\" data-settings=\"{&quot;background_background&quot;:&quot;classic&quot;}\">\n\t\t\t\t\t\t<div class=\"elementor-container elementor-column-gap-default\">\n\t\t\t\t\t<div class=\"has_eae_slider elementor-column elementor-col-100 elementor-top-column elementor-element elementor-element-c999f8c\" data-id=\"c999f8c\" data-element_type=\"column\">\n\t\t\t<div class=\"elementor-widget-wrap elementor-element-populated\">\n\t\t\t\t\t\t<div class=\"elementor-element elementor-element-cf98679 elementor-widget elementor-widget-sina_dynamic_button\" data-id=\"cf98679\" data-element_type=\"widget\" data-widget_type=\"sina_dynamic_button.default\">\n\t\t\t\t<div class=\"elementor-widget-container\">\n\t\t\t\t\t<div class=\"sina-dynamic-button\">\r\n\t\t\t<a  class=\"sina-dynamic-btn   sina-hv-slide-r\" href=\"https:\/\/ftamuhendislik.com\/index.php\/bize-ulasin\/\"\r\n\t\t\t\t\t\t\t\t\t\t\t\t>\r\n\t\t\t\t\t\t\t\u00dccret Bilgisi Al\t\t\t\t\t<\/a>\r\n\t\t<\/div><!-- .sina-dynamic-button -->\r\n\t\t\t\t<\/div>\n\t\t\t\t<\/div>\n\t\t\t\t\t<\/div>\n\t\t<\/div>\n\t\t\t\t\t<\/div>\n\t\t<\/section>\n\t\t\t\t<section class=\"has_eae_slider elementor-section elementor-top-section elementor-element elementor-element-33cd064 elementor-section-full_width elementor-section-height-min-height elementor-section-height-default elementor-section-items-middle\" data-id=\"33cd064\" data-element_type=\"section\">\n\t\t\t\t\t\t<div class=\"elementor-container elementor-column-gap-default\">\n\t\t\t\t\t<div class=\"has_eae_slider elementor-column elementor-col-100 elementor-top-column elementor-element elementor-element-273852a\" data-id=\"273852a\" data-element_type=\"column\">\n\t\t\t<div class=\"elementor-widget-wrap\">\n\t\t\t\t\t\t\t<\/div>\n\t\t<\/div>\n\t\t\t\t\t<\/div>\n\t\t<\/section>\n\t\t\t\t<\/div>\n\t\t","protected":false},"excerpt":{"rendered":"<p>\u0130\u015eLETME VE BAKIM \u0130\u015fletme ve bak\u0131m hizmetlerimiz, enerji sistemlerinin s\u00fcrekli g\u00fcvenli\u011fi ve etkinli\u011fi i\u00e7in d\u00fczenli bak\u0131m, izleme ve acil m\u00fcdahale hizmetlerini kapsar. Elektrik Elektronik M\u00fchendisli\u011fi kapsam\u0131nda sundu\u011fumuz \u00e7e\u015fitli hizmetler, enerji sistemlerinin g\u00fcvenli\u011fi, verimlili\u011fi ve s\u00fcrd\u00fcr\u00fclebilirli\u011fi \u00fczerine odaklan\u0131r. \u00d6zellikle trafo bak\u0131m\u0131, i\u00e7 tesisat d\u00fczenlemeleri, d\u0131\u015f ayd\u0131nlatma projeleri ve monoblok k\u00f6\u015fk bak\u0131m\u0131 gibi alanlarda m\u00fchendislik uzmanl\u0131\u011f\u0131m\u0131zla m\u00fc\u015fterilerimize [&hellip;]<\/p>\n","protected":false},"author":1,"featured_media":0,"parent":0,"menu_order":0,"comment_status":"closed","ping_status":"closed","template":"","meta":{"_eb_attr":"","_themeisle_gutenberg_block_has_review":false,"footnotes":""},"_links":{"self":[{"href":"https:\/\/ftamuhendislik.com\/index.php\/wp-json\/wp\/v2\/pages\/34"}],"collection":[{"href":"https:\/\/ftamuhendislik.com\/index.php\/wp-json\/wp\/v2\/pages"}],"about":[{"href":"https:\/\/ftamuhendislik.com\/index.php\/wp-json\/wp\/v2\/types\/page"}],"author":[{"embeddable":true,"href":"https:\/\/ftamuhendislik.com\/index.php\/wp-json\/wp\/v2\/users\/1"}],"replies":[{"embeddable":true,"href":"https:\/\/ftamuhendislik.com\/index.php\/wp-json\/wp\/v2\/comments?post=34"}],"version-history":[{"count":49,"href":"https:\/\/ftamuhendislik.com\/index.php\/wp-json\/wp\/v2\/pages\/34\/revisions"}],"predecessor-version":[{"id":821,"href":"https:\/\/ftamuhendislik.com\/index.php\/wp-json\/wp\/v2\/pages\/34\/revisions\/821"}],"wp:attachment":[{"href":"https:\/\/ftamuhendislik.com\/index.php\/wp-json\/wp\/v2\/media?parent=34"}],"curies":[{"name":"wp","href":"https:\/\/api.w.org\/{rel}","templated":true}]}}